7 - c. Calculate j(-3).
14
Let c be ((-16)/(-160))/(2/24)*-5. Let h(s) = -s**2 - 2*s + 6. What is h(c)?
-18
Let v(y) = -5*y - y**2 + 3*y**2 - y**2 + 3. Let x(m) = -m**2 - 2*m + 20. Let b be x(-5). Suppose q = -b*q + 18. What is v(q)?
-3
Let u = 574 + -583. Let j(z) = -z**2 - 7*z + 3. Give j(u).
-15
Suppose 10*u - 10 = 5*u. Let g be u/((-3)/(-6) - (-1)/6). Let v(j) = -4*j - j**2 + 2*j + 3*j. What is v(g)?
-6
Let b = -6 - -16. Let z(q) = b*q + 5*q + 9 - 13*q. Let w be z(-7). Let d(n) = n**3 + 5*n**2 - n - 3. What is d(w)?
2
Let t(i) = -2*i**2 + i - 3. Suppose 3*q + 5 = 2*k, 4*q - 5*k - 12 = -14. Give t(q).
-24
Let p = 1359 + -1364. Let y(o) = o**2 - o + 8. Give y(p).
38
Let a(m) = -9*m - 197. Let s be a(-23). Let r(h) = h - 5. Determine r(s).
5
Let u be ((-18)/21)/((-63)/147). Let m(a) = -2*a + 4. Give m(u).
0
Let r(f) = 7*f**2 - 32 + 57 + 6*f + f**3 - 20. Calculate r(-6).
5
Let w(r) be the second derivative of -r**7/840 + r**6/60 + 3*r**5/40 - 7*r**4/24 - 13*r**3/6 - 13*r. Let b(i) be the second derivative of w(i). Calculate b(7).
7
Let b(w) = -2*w - 38. Let i(o) = 5*o + 103. Let v(x) = -8*b(x) - 3*i(x). Suppose 0 = y + 3*y + 20. Give v(y).
-10
Let z(p) = p**3 + 5*p**2 + 6*p + 5. Let i be z(-3). Suppose -5*q = -25, i*q - 23 - 1 = -v. Let b(m) = -2*m**2 - m. Give b(v).
-1
Let a(q) = -2*q**3 - 4*q**2 - 3*q. Suppose -4*j + 19 = 3*o, 0 = 4*j + 4*o + o - 21. Suppose -5*l + 3*b + 7 = 2, l = -j*b - 22. Determine a(l).
6
Let n = 42 - 38. Let u(a) = -a**3 + 3*a**2 - 4*a. Determine u(n).
-32
Let b be 5*((-18)/(-10) + -3). Let r(s) = 4*s**2 + 0*s**3 + 3*s + 2*s**3 + 2*s**2 + 9 + 4*s**3 - 5*s**3. What is r(b)?
-9
Let x = 15 + -12. Suppose o = x - 7. Let r(b) = 4*b**2 - 3*b**3 - 6 + 5*b**3 - 3*b - b**3. Determine r(o).
6
Let s(v) = -32*v**2 - 2*v + 1. Suppose r - 3*f + 3 = 16, -12 = -4*r + 2*f. Calculate s(r).
-33
Let o = 1752 + -1746. Let u(d) = 5*d - 35. What is u(o)?
-5
Suppose -x + 1 + 1 = 0. Let o = -10 - -42. Let a(g) = -4 - o*g + 1 + 34*g. Determine a(x).
1
Let o(f) = 13*f**2 + 14*f + 16. Let i be -3 + 0 + 12/(-9)*6. Let a(j) = -7*j**2 - 7*j - 8. Let d(y) = i*a(y) - 6*o(y). Give d(-7).
-8
Let i = 19 - 23. Let h(l) = -5*l + 8. Let s(u) = -u + 2. Let m(d) = i*h(d) + 22*s(d). Calculate m(8).
-4
Let n(z) = z**3 - 7*z**2 + 6*z + 7. Suppose -2*g - 2*w + 16 = 0, -5*g - 6*w = -2*w - 45. Suppose -8*s + g*s - 25 = 0. Give n(s).
-13
Let c(h) = -7*h**2 + h. Suppose -243 + 245 = -2*z. Calculate c(z).
-8
Suppose 3*u - 2 + 27 = 4*x, 0 = -4*x - 3*u + 7. Suppose -5*q = v - 3*q - 2, 0 = 2*v - x*q + 28. Let w(n) = -n - 1. What is w(v)?
5
Let v(g) = -2*g**3 - 52*g**2 - g - 29. Let k be v(-26). Let u(j) = 18*j + 2. What is u(k)?
-52
Let o(v) = -v**2 + 4*v - 5. Suppose -5*m + 8*m = -l + 20, -m + 6 = l. Determine o(m).
-26
Suppose i = -2*x + 4, 3*x - 15 = -5*i + 5. Suppose x = -t - 3*t. Let m(r) = -4 + 3 - r + 5 + 0*r. Calculate m(t).
4
Let x(d) be the first derivative of -2*d**3/3 + 16*d**2 - 4*d + 705. Calculate x(16).
-4
Let i(z) be the third derivative of z**5/10 + z**4/12 - z**3/2 + 5*z**2 + 8*z. Calculate i(2).
25
Let g be 4/(-2 - (-20)/8). Let r be -2 + g + -4 + 3. Let m(w) = -2*w + 2. What is m(r)?
-8
Let i(n) = 6*n**3 - 5*n**2 - 2*n + 2. Let k(a) = 7*a**3 - 5*a**2 - a + 2. Let f be ((-2 - -11) + -3)/1. Let s(x) = f*i(x) - 5*k(x). What is s(6)?
-4
Let a(m) = -m**3 + 7*m**2 - 7*m + 5. Suppose -5*v - 36 - 4 = 0. Let x(k) = -2*k**3 - 18*k**2 - 16*k + 6. Let t be x(v). What is a(t)?
-1
Let n(f) = -3*f**2 - 3*f + 1. Let o(y) = 4 - 1 - 4*y**2 - 2 - 4*y. Let d = -291 - -287. Let a(s) = d*o(s) + 5*n(s). Give a(-2).
3
Let r(w) be the third derivative of w**4/24 - w**3/3 - 13*w**2 + 4. Let c(d) = -d**3 - 6*d**2 - 2*d - 4. Let h be c(-3). Let i be ((-2)/5)/(5/h). What is r(i)?
0
Let j(h) = h**2 - 20. Let z be (-12 - (-4 + -8))/(-1 - 0). Give j(z).
-20
Let j(k) = -5*k - 13. Let h be j(-3). Let g(u) = u**2 + 12 + 7*u - 2*u**h - 14. Suppose 3*o - 28 = -2*z - 3*z, -5*z + 22 = 2*o. Calculate g(o).
4
Let k(a) = 2*a**3 + 23*a**2 - 3*a + 97. Let x be k(-12). Let o(u) = -u**2 - 9*u + 20. Give o(x).
-2
Let o(l) be the second derivative of l**5/20 + l**4/3 - 2*l**3 - 3*l**2 + 141*l. Determine o(-6).
-6
Let c = -38 + 28. Let w(t) = -4*t - 2*t**2 - 5*t + t**2 + 14. Let h be w(c). Let i(z) = -z**2 + 5*z. Calculate i(h).
4
Let b(j) = j**2 - 2*j + 1. Let l(i) = -2*i - 3. Let m be l(4). Let c = m - -16. Suppose -2*g = 2*g + c*h + 8, -4*h - 19 = -g. Calculate b(g).
4
Let b = 314 + -312. Let d(v) = -v - 2. Calculate d(b).
-4
Suppose -w = -10 - 0. Suppose -k + 3*b = 4*k - 35, k - b = 7. Let x = k - w. Let s(f) = 3*f + 2. Calculate s(x).
-7
Suppose 20*d - 11*d - 27 = 0. Suppose 3*i - 8 = -i. Let a(c) = 9*c - c**2 + i - 2 - 3*c. Give a(d).
9
Let l(x) = -11*x**2 + 4*x**2 + x**2 + x - 3 + x**3 + x**2 + 4*x**2. Determine l(0).
-3
Let k(f) = f**2 - 3*f - 2*f - f - 1 + 5*f. Let q be 2 + -1*(1 + 3). Determine k(q).
5
Let k(o) = o**2 + o - 6. Suppose -16 = -4*l - 4*j, 3*l + 5*j = 4*l + 26. Let g be (0 + l)/(-1)*5. Suppose g*p - p = 0. Calculate k(p).
-6
Let i(l) be the first derivative of -13*l**3/3 - l**2/2 + 1. Let d = -973 + 972. Determine i(d).
-12
Let v = 0 + -6. Let p = 77 - 62. Let m(o) = -2*o - 2*o - 10 + 17 - p. What is m(v)?
16
Let k(q) be the second derivative of q**4/12 + 5*q**3/3 + 4*q**2 + 14*q + 2. What is k(-11)?
19
Let c(g) = 18*g - 2*g**3 - 4*g**3 - 3*g**2 + 19 + 21*g**2 + 7*g**3 + 0*g**3. Determine c(-17).
2
Let v(n) = -2*n + 3. Let k = -3 - -7. Suppose -3*w = 25 - k. Let j = -3 - w. What is v(j)?
-5
Suppose -4*r = -3*a + 56, 3*a - 7*a + 4*r + 68 = 0. Let s be 3 + (-3 - -7) + a/3. Let t(j) = j**2 - 10*j - 16. Determine t(s).
-5
Let j(o) be the first derivative of 1/4*o**4 + 4/3*o**3 + 1/2*o**2 - 2*o + 5. Calculate j(-3).
4
Let u(y) = -y**2 + 6*y - 4. Let n be u(5). Let l(v) = 4*v + 10*v**2 - 14*v + 1 + 0*v + 4*v + 5*v. Calculate l(n).
10
Let b(j) = -5*j + 7. Let i(d) = 6*d - 10. Let y(t) = 3*b(t) + 2*i(t). Calculate y(-6).
19
Let i(o) = 2*o + 2. Let u(z) = -z. Let v(y) = -4*i(y) - 5*u(y). Give v(-4).
4
Let x be (-2 - 4/(-3 - 1)) + 3. Let t(g) = 4 - 2*g - 83*g**2 + 165*g**2 - 81*g**x - g**3. Suppose 6 - 15 = -3*m. Give t(m).
-20
Let x(p) be the third derivative of -p**5/60 + p**4/24 + 11*p**3/6 - p**2. Let i(a) = 19*a + 57. Let r be i(-3). Give x(r).
11
Let p = -1230 + 1213. Let y(f) = -f**2 - 18*f - 19. Give y(p).
-2
Let f be ((-3)/(-1))/((-4)/12). Let w = -4 - f. Suppose 34 - 14 = w*n. Let r(q) = -q**2 + q + 3. Give r(n).
-9
Let p be 1*-6*(-4)/12. Let m(y) = y - 1. Let o = -18 - -16. Let b(h) = -h + 1. Let k(x) = o*m(x) - 3*b(x). Calculate k(p).
1
Let h(d) = -d**2 - 11*d - 23. Suppose -27*c + 72 = -35*c. Calculate h(c).
-5
Suppose -2 - 2 = 2*i. Let c = i - 4. Let j(f) = 0*f + 6*f - 7*f - 13. What is j(c)?
-7
Let v(w) = -2*w**2 + 2. Suppose 3*x - 4 + 70 = 0. Let f(k) = -k - 40. Let n be f(-16). Let r = n - x. Calculate v(r).
-6
Let t(l) = -l**2 - 5*l - 12. Let w(h) = -2*h**2 - 24*h - 45. Let r be w(-10). Give t(r).
-12
Let v(a) = 11*a**3 + 12*a + 2. Let u(n) = 9*n**3 + 10*n + 2. Let m(h) = -6*u(h) + 5*v(h). Let o be 2/7 - (-6)/(-21). What is m(o)?
-2
Let l(o) = o**3 - 5*o**2 - 6*o + 3. Let f(u) = -9*u**3 - 2*u**2 + 1. Let n be f(-1). Let k = n - 2. Suppose 0 + k = g. What is l(g)?
3
Let t(k) be the third derivative of 0*k + 0 - 1/60*k**5 - 1/4*k**4 + 2/3*k**3 + 3*k**2. Determine t(-7).
-3
Let a(n) = -n**2 - 1. Let k(p) = -5*p**2 + 2*p - 1. Let l(m) = 3*a(m) - k(m). Suppose -2*z - 6 = -5*x, -12*x + 5*z = -15*x + 16. Give l(x).
2
Let p(j) = -j**3 - j**2 + 10. Let u(w) be the first derivative of w**4/4 - w**3/3 + 2*w + 22. Let q be u(-1). Determine p(q).
10
Suppose 102 = 29*j + 5*j. Let b(z) be the first derivative of 1/4*z**4 + 2*z**3 + j*z + z**2 + 9. Determine b(-5).
18
Suppose -16 = -10*q + 4. Let a(g) be the first derivative of -q + 1/4*g**4 - 2*g - 7/3*g**3 + 3*g**2. What is a(6)?
-2
Let q(z) = 3*z**2 + 22*z + 23. Let b be q(-6). Let p(o) = -20*o + 1. What is p(b)?
21
Let n(o) = o - 21. Let r(q) = -2*q + 48. Let a(x) = 5*n(x) + 2*r(x). What is a(3)?
-6
Let x(a) = -a**2 + 2*a + 2. Let r = 21 - 25. Let n = r - -8. Determine x(n).
-6
Let c be ((-11)/(231/(-196)))/(-4)*-3. Let p(z) be the first derivative of z**3/3 - 7*z**2/2 - z - 1. Determine p(c).
-1
Let y = 411 + -248. Suppose 